{"id":596,"date":"2022-05-03T16:11:53","date_gmt":"2022-05-03T19:11:53","guid":{"rendered":"https:\/\/hidroeletricacenter.com.br\/lojaonline\/?post_type=product&#038;p=596"},"modified":"2022-05-04T10:40:16","modified_gmt":"2022-05-04T13:40:16","slug":"politriz-5-600w-wp600k-b2-220v-caixa-plastica-black-decker","status":"publish","type":"product","link":"https:\/\/hidroeletricacenter.com.br\/lojaonline\/produto\/politriz-5-600w-wp600k-b2-220v-caixa-plastica-black-decker\/","title":{"rendered":"Politriz 5&#8221; 600W (WP600K-B2) 220V Caixa Pl\u00e1stica Black Decker"},"content":{"rendered":"<div class=\"sbd-productDescription\">\n<div class=\"sbd-productDescriptionText\">\n<p>Potente, leve e compacta, as politrizes da black+decker s\u00e3o muito confi\u00e1veis nos trabalhos que mais exigem detalhe e qualidade.<\/p>\n<\/div>\n<\/div>\n<div class=\"sbd-productInformationPanel\">\n<div id=\"accordion\">\n<div id=\"\" class=\"sbd-stepContainer card\">\n<div id=\"heading1\" class=\"card-header\">\n<div id=\"\" class=\"sbd-stepContainer card\">\n<div id=\"collapse1\" class=\"collapse in\" aria-labelledby=\"heading1\" data-parent=\"#accordion\">\n<div class=\"card-body\">\n<div class=\"sbd-featuresBenefits\">\n<ul>\n<li>Ideal para trabalhos em marcenaria, f\u00e1brica de m\u00f3veis e funilaria de auto e moto em opera\u00e7\u00f5es de polimento e lixamento.<\/li>\n<\/ul>\n<p><strong>Especifica\u00e7\u00f5es do Produto:\u00a0<\/strong><\/p>\n<\/div>\n<\/div>\n<\/div>\n<\/div>\n<div id=\"\" class=\"sbd-stepContainer card\">\n<div id=\"heading2\" class=\"card-header\">\n<ul>\n<li>Pot\u00eancia: 600W<\/li>\n<li>Rota\u00e7\u00f5es Por Minuto: 1.000 A 3.000 RPM<\/li>\n<li>Seletor de Controle de Velocidade<\/li>\n<li>Gatilho de Dois dedos<\/li>\n<li>Empunhadura Frontal Emborrachada<\/li>\n<li>Caixa de Engrenagem Met\u00e1lica<\/li>\n<li>Empunhadura Lateral de 3 Posi\u00e7\u00f5es<\/li>\n<li>Trava No Eixo Para Troca de Acess\u00f3rios<\/li>\n<\/ul>\n<\/div>\n<\/div>\n<\/div>\n<\/div>\n<\/div>\n<\/div>\n","protected":false},"excerpt":{"rendered":"<p>Potente, leve e compacta, as politrizes da black+decker s\u00e3o muito confi\u00e1veis nos trabalhos que mais exigem detalhe e qualidade. Ideal para trabalhos em marcenaria, f\u00e1brica de m\u00f3veis e funilaria de auto e moto em opera\u00e7\u00f5es de polimento e lixamento. Especifica\u00e7\u00f5es do Produto:\u00a0 Pot\u00eancia: 600W Rota\u00e7\u00f5es Por Minuto: 1.000 A 3.000 RPM Seletor de Controle de [&hellip;]<\/p>\n","protected":false},"featured_media":597,"template":"","meta":[],"product_cat":[],"product_tag":[],"class_list":["post-596","product","type-product","status-publish","has-post-thumbnail","hentry"],"yoast_head":"<!-- This site is optimized with the Yoast SEO plugin v21.0 - https:\/\/yoast.com\/wordpress\/plugins\/seo\/ -->\n<title>Politriz 5&#039;&#039; 600W (WP600K-B2) 220V Caixa Pl\u00e1stica Black Decker - Hidroel\u00e9trica Center - Produtos el\u00e9tricos, EPIS, EPCS, ferramentas, m\u00e1quinas, dentre outros<\/title>\n<meta name=\"robots\" content=\"index, follow, max-snippet:-1, max-image-preview:large, max-video-preview:-1\" \/>\n<link rel=\"canonical\" href=\"https:\/\/hidroeletricacenter.com.br\/lojaonline\/produto\/politriz-5-600w-wp600k-b2-220v-caixa-plastica-black-decker\/\" \/>\n<meta property=\"og:locale\" content=\"pt_BR\" \/>\n<meta property=\"og:type\" content=\"article\" \/>\n<meta property=\"og:title\" content=\"Politriz 5&#039;&#039; 600W (WP600K-B2) 220V Caixa Pl\u00e1stica Black Decker - Hidroel\u00e9trica Center - Produtos el\u00e9tricos, EPIS, EPCS, ferramentas, m\u00e1quinas, dentre outros\" \/>\n<meta property=\"og:description\" content=\"Potente, leve e compacta, as politrizes da black+decker s\u00e3o muito confi\u00e1veis nos trabalhos que mais exigem detalhe e qualidade. Ideal para trabalhos em marcenaria, f\u00e1brica de m\u00f3veis e funilaria de auto e moto em opera\u00e7\u00f5es de polimento e lixamento. Especifica\u00e7\u00f5es do Produto:\u00a0 Pot\u00eancia: 600W Rota\u00e7\u00f5es Por Minuto: 1.000 A 3.000 RPM Seletor de Controle de [&hellip;]\" \/>\n<meta property=\"og:url\" content=\"https:\/\/hidroeletricacenter.com.br\/lojaonline\/produto\/politriz-5-600w-wp600k-b2-220v-caixa-plastica-black-decker\/\" \/>\n<meta property=\"og:site_name\" content=\"Hidroel\u00e9trica Center - Produtos el\u00e9tricos, EPIS, EPCS, ferramentas, m\u00e1quinas, dentre outros\" \/>\n<meta property=\"article:publisher\" content=\"https:\/\/www.facebook.com\/hidroeletricacenter\" \/>\n<meta property=\"article:modified_time\" content=\"2022-05-04T13:40:16+00:00\" \/>\n<meta property=\"og:image\" content=\"https:\/\/hidroeletricacenter.com.br\/lojaonline\/wp-content\/uploads\/2021\/09\/WP600K-B2-1.jpg\" \/>\n\t<meta property=\"og:image:width\" content=\"463\" \/>\n\t<meta property=\"og:image:height\" content=\"463\" \/>\n\t<meta property=\"og:image:type\" content=\"image\/jpeg\" \/>\n<meta name=\"twitter:card\" content=\"summary_large_image\" \/>\n<script type=\"application\/ld+json\" class=\"yoast-schema-graph\">{\"@context\":\"https:\/\/schema.org\",\"@graph\":[{\"@type\":\"WebPage\",\"@id\":\"https:\/\/hidroeletricacenter.com.br\/lojaonline\/produto\/politriz-5-600w-wp600k-b2-220v-caixa-plastica-black-decker\/\",\"url\":\"https:\/\/hidroeletricacenter.com.br\/lojaonline\/produto\/politriz-5-600w-wp600k-b2-220v-caixa-plastica-black-decker\/\",\"name\":\"Politriz 5'' 600W (WP600K-B2) 220V Caixa Pl\u00e1stica Black Decker - Hidroel\u00e9trica Center - Produtos el\u00e9tricos, EPIS, EPCS, ferramentas, m\u00e1quinas, dentre outros\",\"isPartOf\":{\"@id\":\"https:\/\/hidroeletricacenter.com.br\/lojaonline\/#website\"},\"datePublished\":\"2022-05-03T19:11:53+00:00\",\"dateModified\":\"2022-05-04T13:40:16+00:00\",\"breadcrumb\":{\"@id\":\"https:\/\/hidroeletricacenter.com.br\/lojaonline\/produto\/politriz-5-600w-wp600k-b2-220v-caixa-plastica-black-decker\/#breadcrumb\"},\"inLanguage\":\"pt-BR\",\"potentialAction\":[{\"@type\":\"ReadAction\",\"target\":[\"https:\/\/hidroeletricacenter.com.br\/lojaonline\/produto\/politriz-5-600w-wp600k-b2-220v-caixa-plastica-black-decker\/\"]}]},{\"@type\":\"BreadcrumbList\",\"@id\":\"https:\/\/hidroeletricacenter.com.br\/lojaonline\/produto\/politriz-5-600w-wp600k-b2-220v-caixa-plastica-black-decker\/#breadcrumb\",\"itemListElement\":[{\"@type\":\"ListItem\",\"position\":1,\"name\":\"In\u00edcio\",\"item\":\"https:\/\/hidroeletricacenter.com.br\/lojaonline\/\"},{\"@type\":\"ListItem\",\"position\":2,\"name\":\"Produtos\",\"item\":\"https:\/\/hidroeletricacenter.com.br\/lojaonline\/shop\/\"},{\"@type\":\"ListItem\",\"position\":3,\"name\":\"Politriz 5&#8221; 600W (WP600K-B2) 220V Caixa Pl\u00e1stica Black Decker\"}]},{\"@type\":\"WebSite\",\"@id\":\"https:\/\/hidroeletricacenter.com.br\/lojaonline\/#website\",\"url\":\"https:\/\/hidroeletricacenter.com.br\/lojaonline\/\",\"name\":\"Hidroel\u00e9trica Center - Produtos el\u00e9tricos, EPIS, EPCS, ferramentas, m\u00e1quinas, dentre outros\",\"description\":\"\",\"publisher\":{\"@id\":\"https:\/\/hidroeletricacenter.com.br\/lojaonline\/#organization\"},\"potentialAction\":[{\"@type\":\"SearchAction\",\"target\":{\"@type\":\"EntryPoint\",\"urlTemplate\":\"https:\/\/hidroeletricacenter.com.br\/lojaonline\/?s={search_term_string}\"},\"query-input\":\"required name=search_term_string\"}],\"inLanguage\":\"pt-BR\"},{\"@type\":\"Organization\",\"@id\":\"https:\/\/hidroeletricacenter.com.br\/lojaonline\/#organization\",\"name\":\"Hidroel\u00e9trica Center - Produtos el\u00e9tricos, EPIS, EPCS, ferramentas, m\u00e1quinas, dentre outros\",\"url\":\"https:\/\/hidroeletricacenter.com.br\/lojaonline\/\",\"logo\":{\"@type\":\"ImageObject\",\"inLanguage\":\"pt-BR\",\"@id\":\"https:\/\/hidroeletricacenter.com.br\/lojaonline\/#\/schema\/logo\/image\/\",\"url\":\"https:\/\/hidroeletricacenter.com.br\/lojaonline\/wp-content\/uploads\/2022\/01\/cropped-ico-hc.png\",\"contentUrl\":\"https:\/\/hidroeletricacenter.com.br\/lojaonline\/wp-content\/uploads\/2022\/01\/cropped-ico-hc.png\",\"width\":512,\"height\":512,\"caption\":\"Hidroel\u00e9trica Center - Produtos el\u00e9tricos, EPIS, EPCS, ferramentas, m\u00e1quinas, dentre outros\"},\"image\":{\"@id\":\"https:\/\/hidroeletricacenter.com.br\/lojaonline\/#\/schema\/logo\/image\/\"},\"sameAs\":[\"https:\/\/www.facebook.com\/hidroeletricacenter\",\"https:\/\/www.instagram.com\/hidroeletricacenter\"]}]}<\/script>\n<!-- \/ Yoast SEO plugin. -->","yoast_head_json":{"title":"Politriz 5'' 600W (WP600K-B2) 220V Caixa Pl\u00e1stica Black Decker - Hidroel\u00e9trica Center - Produtos el\u00e9tricos, EPIS, EPCS, ferramentas, m\u00e1quinas, dentre outros","robots":{"index":"index","follow":"follow","max-snippet":"max-snippet:-1","max-image-preview":"max-image-preview:large","max-video-preview":"max-video-preview:-1"},"canonical":"https:\/\/hidroeletricacenter.com.br\/lojaonline\/produto\/politriz-5-600w-wp600k-b2-220v-caixa-plastica-black-decker\/","og_locale":"pt_BR","og_type":"article","og_title":"Politriz 5'' 600W (WP600K-B2) 220V Caixa Pl\u00e1stica Black Decker - Hidroel\u00e9trica Center - Produtos el\u00e9tricos, EPIS, EPCS, ferramentas, m\u00e1quinas, dentre outros","og_description":"Potente, leve e compacta, as politrizes da black+decker s\u00e3o muito confi\u00e1veis nos trabalhos que mais exigem detalhe e qualidade. Ideal para trabalhos em marcenaria, f\u00e1brica de m\u00f3veis e funilaria de auto e moto em opera\u00e7\u00f5es de polimento e lixamento. Especifica\u00e7\u00f5es do Produto:\u00a0 Pot\u00eancia: 600W Rota\u00e7\u00f5es Por Minuto: 1.000 A 3.000 RPM Seletor de Controle de [&hellip;]","og_url":"https:\/\/hidroeletricacenter.com.br\/lojaonline\/produto\/politriz-5-600w-wp600k-b2-220v-caixa-plastica-black-decker\/","og_site_name":"Hidroel\u00e9trica Center - Produtos el\u00e9tricos, EPIS, EPCS, ferramentas, m\u00e1quinas, dentre outros","article_publisher":"https:\/\/www.facebook.com\/hidroeletricacenter","article_modified_time":"2022-05-04T13:40:16+00:00","og_image":[{"width":463,"height":463,"url":"https:\/\/hidroeletricacenter.com.br\/lojaonline\/wp-content\/uploads\/2021\/09\/WP600K-B2-1.jpg","type":"image\/jpeg"}],"twitter_card":"summary_large_image","schema":{"@context":"https:\/\/schema.org","@graph":[{"@type":"WebPage","@id":"https:\/\/hidroeletricacenter.com.br\/lojaonline\/produto\/politriz-5-600w-wp600k-b2-220v-caixa-plastica-black-decker\/","url":"https:\/\/hidroeletricacenter.com.br\/lojaonline\/produto\/politriz-5-600w-wp600k-b2-220v-caixa-plastica-black-decker\/","name":"Politriz 5'' 600W (WP600K-B2) 220V Caixa Pl\u00e1stica Black Decker - Hidroel\u00e9trica Center - Produtos el\u00e9tricos, EPIS, EPCS, ferramentas, m\u00e1quinas, dentre outros","isPartOf":{"@id":"https:\/\/hidroeletricacenter.com.br\/lojaonline\/#website"},"datePublished":"2022-05-03T19:11:53+00:00","dateModified":"2022-05-04T13:40:16+00:00","breadcrumb":{"@id":"https:\/\/hidroeletricacenter.com.br\/lojaonline\/produto\/politriz-5-600w-wp600k-b2-220v-caixa-plastica-black-decker\/#breadcrumb"},"inLanguage":"pt-BR","potentialAction":[{"@type":"ReadAction","target":["https:\/\/hidroeletricacenter.com.br\/lojaonline\/produto\/politriz-5-600w-wp600k-b2-220v-caixa-plastica-black-decker\/"]}]},{"@type":"BreadcrumbList","@id":"https:\/\/hidroeletricacenter.com.br\/lojaonline\/produto\/politriz-5-600w-wp600k-b2-220v-caixa-plastica-black-decker\/#breadcrumb","itemListElement":[{"@type":"ListItem","position":1,"name":"In\u00edcio","item":"https:\/\/hidroeletricacenter.com.br\/lojaonline\/"},{"@type":"ListItem","position":2,"name":"Produtos","item":"https:\/\/hidroeletricacenter.com.br\/lojaonline\/shop\/"},{"@type":"ListItem","position":3,"name":"Politriz 5&#8221; 600W (WP600K-B2) 220V Caixa Pl\u00e1stica Black Decker"}]},{"@type":"WebSite","@id":"https:\/\/hidroeletricacenter.com.br\/lojaonline\/#website","url":"https:\/\/hidroeletricacenter.com.br\/lojaonline\/","name":"Hidroel\u00e9trica Center - Produtos el\u00e9tricos, EPIS, EPCS, ferramentas, m\u00e1quinas, dentre outros","description":"","publisher":{"@id":"https:\/\/hidroeletricacenter.com.br\/lojaonline\/#organization"},"potentialAction":[{"@type":"SearchAction","target":{"@type":"EntryPoint","urlTemplate":"https:\/\/hidroeletricacenter.com.br\/lojaonline\/?s={search_term_string}"},"query-input":"required name=search_term_string"}],"inLanguage":"pt-BR"},{"@type":"Organization","@id":"https:\/\/hidroeletricacenter.com.br\/lojaonline\/#organization","name":"Hidroel\u00e9trica Center - Produtos el\u00e9tricos, EPIS, EPCS, ferramentas, m\u00e1quinas, dentre outros","url":"https:\/\/hidroeletricacenter.com.br\/lojaonline\/","logo":{"@type":"ImageObject","inLanguage":"pt-BR","@id":"https:\/\/hidroeletricacenter.com.br\/lojaonline\/#\/schema\/logo\/image\/","url":"https:\/\/hidroeletricacenter.com.br\/lojaonline\/wp-content\/uploads\/2022\/01\/cropped-ico-hc.png","contentUrl":"https:\/\/hidroeletricacenter.com.br\/lojaonline\/wp-content\/uploads\/2022\/01\/cropped-ico-hc.png","width":512,"height":512,"caption":"Hidroel\u00e9trica Center - Produtos el\u00e9tricos, EPIS, EPCS, ferramentas, m\u00e1quinas, dentre outros"},"image":{"@id":"https:\/\/hidroeletricacenter.com.br\/lojaonline\/#\/schema\/logo\/image\/"},"sameAs":["https:\/\/www.facebook.com\/hidroeletricacenter","https:\/\/www.instagram.com\/hidroeletricacenter"]}]}},"_links":{"self":[{"href":"https:\/\/hidroeletricacenter.com.br\/lojaonline\/wp-json\/wp\/v2\/product\/596","targetHints":{"allow":["GET"]}}],"collection":[{"href":"https:\/\/hidroeletricacenter.com.br\/lojaonline\/wp-json\/wp\/v2\/product"}],"about":[{"href":"https:\/\/hidroeletricacenter.com.br\/lojaonline\/wp-json\/wp\/v2\/types\/product"}],"version-history":[{"count":3,"href":"https:\/\/hidroeletricacenter.com.br\/lojaonline\/wp-json\/wp\/v2\/product\/596\/revisions"}],"predecessor-version":[{"id":2461,"href":"https:\/\/hidroeletricacenter.com.br\/lojaonline\/wp-json\/wp\/v2\/product\/596\/revisions\/2461"}],"wp:featuredmedia":[{"embeddable":true,"href":"https:\/\/hidroeletricacenter.com.br\/lojaonline\/wp-json\/wp\/v2\/media\/597"}],"wp:attachment":[{"href":"https:\/\/hidroeletricacenter.com.br\/lojaonline\/wp-json\/wp\/v2\/media?parent=596"}],"wp:term":[{"taxonomy":"product_cat","embeddable":true,"href":"https:\/\/hidroeletricacenter.com.br\/lojaonline\/wp-json\/wp\/v2\/product_cat?post=596"},{"taxonomy":"product_tag","embeddable":true,"href":"https:\/\/hidroeletricacenter.com.br\/lojaonline\/wp-json\/wp\/v2\/product_tag?post=596"}],"curies":[{"name":"wp","href":"https:\/\/api.w.org\/{rel}","templated":true}]}}