{"id":572,"date":"2022-05-02T17:18:26","date_gmt":"2022-05-02T20:18:26","guid":{"rendered":"https:\/\/hidroeletricacenter.com.br\/lojaonline\/?post_type=product&#038;p=572"},"modified":"2022-05-04T09:56:40","modified_gmt":"2022-05-04T12:56:40","slug":"medidor-a-laser-30m-tlm100-stht77410","status":"publish","type":"product","link":"https:\/\/hidroeletricacenter.com.br\/lojaonline\/produto\/medidor-a-laser-30m-tlm100-stht77410\/","title":{"rendered":"Medidor a Laser 30m (TLM100) STHT77410 Stanley"},"content":{"rendered":"<div class=\"sbd-productDescription\">\n<div class=\"sbd-productDescriptionText\">\n<ul>\n<li>Indicado para todo tipo de usu\u00e1rio que necessite tirar medidas de forma f\u00e1cil, r\u00e1pida e precisa.<\/li>\n<\/ul>\n<p>Pela primeira vez uma trena com muita tecnologia, com um pre\u00e7o que cabe no seu bolso; dispon\u00edveis nas vers\u00f5es de 15 e 30 metros; tudo o que o usu\u00e1rio precisa com apenas um bot\u00e3o, onde consegue-se gravar a medida requerida, armazenando at\u00e9 duas medidas no visor; medi\u00e7\u00e3o cont\u00ednua, ou seja, a medida se ajusta conforme o usu\u00e1rio se movimenta, como se fosse uma trena comum; visor negro com led branca, o que facilita a visualiza\u00e7\u00e3o da medida em ambientes com pouca luminosidade; desligamento autom\u00e1tico mais r\u00e1pido ( 2 minutos ), o que prolonga a vida \u00fatil das pilhas; 2 anos de garantia; lateral do corpo emborrachado; trena muito precisa. toler\u00e2ncia +\/- 3mm; medi\u00e7\u00f5es em 4 unidades: metros, polegadas, p\u00e9s e jardas. equipamento de f\u00e1cil utiliza\u00e7\u00e3o, s\u00e3o apenas 3 fun\u00e7\u00f5es: 1\u00ba aperte o bot\u00e3o para gravar medidas; 2\u00ba pressione o bot\u00e3o por 2 segundos para mudar unidade de medida, caso seja necess\u00e1rio; 3\u00ba pressione o bot\u00e3o por 5 segundos para desligar o equipamento. fun\u00e7\u00e3o: metros, polegadas, jardas e p\u00e9s; medi\u00e7\u00e3o cont\u00ednua; medi\u00e7\u00e3o m\u00ednima: 0,17cm; medi\u00e7\u00e3o m\u00e1xima: 30 metros ( tlm100 ) medidas: alt: 11,5cm, larg: 2,5cm; comp: 4,5cm; peso: 75 g; indicador de nivel da pilha; alimenta\u00e7\u00e3o 2 pilhas aaa j\u00e1 inclusas; precis\u00e3o \u00b1 0,32cm.<\/p>\n<\/div>\n<\/div>\n<div class=\"sbd-productInformationPanel\">\n<div id=\"accordion\">\n<div id=\"\" class=\"sbd-stepContainer card\">\n<div id=\"heading1\" class=\"card-header\"><\/div>\n<\/div>\n<\/div>\n<\/div>\n","protected":false},"excerpt":{"rendered":"<p>Indicado para todo tipo de usu\u00e1rio que necessite tirar medidas de forma f\u00e1cil, r\u00e1pida e precisa. Pela primeira vez uma trena com muita tecnologia, com um pre\u00e7o que cabe no seu bolso; dispon\u00edveis nas vers\u00f5es de 15 e 30 metros; tudo o que o usu\u00e1rio precisa com apenas um bot\u00e3o, onde consegue-se gravar a medida [&hellip;]<\/p>\n","protected":false},"featured_media":573,"template":"","meta":[],"product_cat":[],"product_tag":[],"class_list":["post-572","product","type-product","status-publish","has-post-thumbnail","hentry"],"yoast_head":"<!-- This site is optimized with the Yoast SEO plugin v21.0 - https:\/\/yoast.com\/wordpress\/plugins\/seo\/ -->\n<title>Medidor a Laser 30m (TLM100) STHT77410 Stanley - Hidroel\u00e9trica Center - Produtos el\u00e9tricos, EPIS, EPCS, ferramentas, m\u00e1quinas, dentre outros<\/title>\n<meta name=\"robots\" content=\"index, follow, max-snippet:-1, max-image-preview:large, max-video-preview:-1\" \/>\n<link rel=\"canonical\" href=\"https:\/\/hidroeletricacenter.com.br\/lojaonline\/produto\/medidor-a-laser-30m-tlm100-stht77410\/\" \/>\n<meta property=\"og:locale\" content=\"pt_BR\" \/>\n<meta property=\"og:type\" content=\"article\" \/>\n<meta property=\"og:title\" content=\"Medidor a Laser 30m (TLM100) STHT77410 Stanley - Hidroel\u00e9trica Center - Produtos el\u00e9tricos, EPIS, EPCS, ferramentas, m\u00e1quinas, dentre outros\" \/>\n<meta property=\"og:description\" content=\"Indicado para todo tipo de usu\u00e1rio que necessite tirar medidas de forma f\u00e1cil, r\u00e1pida e precisa. Pela primeira vez uma trena com muita tecnologia, com um pre\u00e7o que cabe no seu bolso; dispon\u00edveis nas vers\u00f5es de 15 e 30 metros; tudo o que o usu\u00e1rio precisa com apenas um bot\u00e3o, onde consegue-se gravar a medida [&hellip;]\" \/>\n<meta property=\"og:url\" content=\"https:\/\/hidroeletricacenter.com.br\/lojaonline\/produto\/medidor-a-laser-30m-tlm100-stht77410\/\" \/>\n<meta property=\"og:site_name\" content=\"Hidroel\u00e9trica Center - Produtos el\u00e9tricos, EPIS, EPCS, ferramentas, m\u00e1quinas, dentre outros\" \/>\n<meta property=\"article:publisher\" content=\"https:\/\/www.facebook.com\/hidroeletricacenter\" \/>\n<meta property=\"article:modified_time\" content=\"2022-05-04T12:56:40+00:00\" \/>\n<meta property=\"og:image\" content=\"https:\/\/hidroeletricacenter.com.br\/lojaonline\/wp-content\/uploads\/2021\/09\/TLM100-1.jpg\" \/>\n\t<meta property=\"og:image:width\" content=\"1000\" \/>\n\t<meta property=\"og:image:height\" content=\"1000\" \/>\n\t<meta property=\"og:image:type\" content=\"image\/jpeg\" \/>\n<meta name=\"twitter:card\" content=\"summary_large_image\" \/>\n<meta name=\"twitter:label1\" content=\"Est. tempo de leitura\" \/>\n\t<meta name=\"twitter:data1\" content=\"1 minuto\" \/>\n<script type=\"application\/ld+json\" class=\"yoast-schema-graph\">{\"@context\":\"https:\/\/schema.org\",\"@graph\":[{\"@type\":\"WebPage\",\"@id\":\"https:\/\/hidroeletricacenter.com.br\/lojaonline\/produto\/medidor-a-laser-30m-tlm100-stht77410\/\",\"url\":\"https:\/\/hidroeletricacenter.com.br\/lojaonline\/produto\/medidor-a-laser-30m-tlm100-stht77410\/\",\"name\":\"Medidor a Laser 30m (TLM100) STHT77410 Stanley - Hidroel\u00e9trica Center - Produtos el\u00e9tricos, EPIS, EPCS, ferramentas, m\u00e1quinas, dentre outros\",\"isPartOf\":{\"@id\":\"https:\/\/hidroeletricacenter.com.br\/lojaonline\/#website\"},\"datePublished\":\"2022-05-02T20:18:26+00:00\",\"dateModified\":\"2022-05-04T12:56:40+00:00\",\"breadcrumb\":{\"@id\":\"https:\/\/hidroeletricacenter.com.br\/lojaonline\/produto\/medidor-a-laser-30m-tlm100-stht77410\/#breadcrumb\"},\"inLanguage\":\"pt-BR\",\"potentialAction\":[{\"@type\":\"ReadAction\",\"target\":[\"https:\/\/hidroeletricacenter.com.br\/lojaonline\/produto\/medidor-a-laser-30m-tlm100-stht77410\/\"]}]},{\"@type\":\"BreadcrumbList\",\"@id\":\"https:\/\/hidroeletricacenter.com.br\/lojaonline\/produto\/medidor-a-laser-30m-tlm100-stht77410\/#breadcrumb\",\"itemListElement\":[{\"@type\":\"ListItem\",\"position\":1,\"name\":\"In\u00edcio\",\"item\":\"https:\/\/hidroeletricacenter.com.br\/lojaonline\/\"},{\"@type\":\"ListItem\",\"position\":2,\"name\":\"Produtos\",\"item\":\"https:\/\/hidroeletricacenter.com.br\/lojaonline\/shop\/\"},{\"@type\":\"ListItem\",\"position\":3,\"name\":\"Medidor a Laser 30m (TLM100) STHT77410 Stanley\"}]},{\"@type\":\"WebSite\",\"@id\":\"https:\/\/hidroeletricacenter.com.br\/lojaonline\/#website\",\"url\":\"https:\/\/hidroeletricacenter.com.br\/lojaonline\/\",\"name\":\"Hidroel\u00e9trica Center - Produtos el\u00e9tricos, EPIS, EPCS, ferramentas, m\u00e1quinas, dentre outros\",\"description\":\"\",\"publisher\":{\"@id\":\"https:\/\/hidroeletricacenter.com.br\/lojaonline\/#organization\"},\"potentialAction\":[{\"@type\":\"SearchAction\",\"target\":{\"@type\":\"EntryPoint\",\"urlTemplate\":\"https:\/\/hidroeletricacenter.com.br\/lojaonline\/?s={search_term_string}\"},\"query-input\":\"required name=search_term_string\"}],\"inLanguage\":\"pt-BR\"},{\"@type\":\"Organization\",\"@id\":\"https:\/\/hidroeletricacenter.com.br\/lojaonline\/#organization\",\"name\":\"Hidroel\u00e9trica Center - Produtos el\u00e9tricos, EPIS, EPCS, ferramentas, m\u00e1quinas, dentre outros\",\"url\":\"https:\/\/hidroeletricacenter.com.br\/lojaonline\/\",\"logo\":{\"@type\":\"ImageObject\",\"inLanguage\":\"pt-BR\",\"@id\":\"https:\/\/hidroeletricacenter.com.br\/lojaonline\/#\/schema\/logo\/image\/\",\"url\":\"https:\/\/hidroeletricacenter.com.br\/lojaonline\/wp-content\/uploads\/2022\/01\/cropped-ico-hc.png\",\"contentUrl\":\"https:\/\/hidroeletricacenter.com.br\/lojaonline\/wp-content\/uploads\/2022\/01\/cropped-ico-hc.png\",\"width\":512,\"height\":512,\"caption\":\"Hidroel\u00e9trica Center - Produtos el\u00e9tricos, EPIS, EPCS, ferramentas, m\u00e1quinas, dentre outros\"},\"image\":{\"@id\":\"https:\/\/hidroeletricacenter.com.br\/lojaonline\/#\/schema\/logo\/image\/\"},\"sameAs\":[\"https:\/\/www.facebook.com\/hidroeletricacenter\",\"https:\/\/www.instagram.com\/hidroeletricacenter\"]}]}<\/script>\n<!-- \/ Yoast SEO plugin. -->","yoast_head_json":{"title":"Medidor a Laser 30m (TLM100) STHT77410 Stanley - Hidroel\u00e9trica Center - Produtos el\u00e9tricos, EPIS, EPCS, ferramentas, m\u00e1quinas, dentre outros","robots":{"index":"index","follow":"follow","max-snippet":"max-snippet:-1","max-image-preview":"max-image-preview:large","max-video-preview":"max-video-preview:-1"},"canonical":"https:\/\/hidroeletricacenter.com.br\/lojaonline\/produto\/medidor-a-laser-30m-tlm100-stht77410\/","og_locale":"pt_BR","og_type":"article","og_title":"Medidor a Laser 30m (TLM100) STHT77410 Stanley - Hidroel\u00e9trica Center - Produtos el\u00e9tricos, EPIS, EPCS, ferramentas, m\u00e1quinas, dentre outros","og_description":"Indicado para todo tipo de usu\u00e1rio que necessite tirar medidas de forma f\u00e1cil, r\u00e1pida e precisa. Pela primeira vez uma trena com muita tecnologia, com um pre\u00e7o que cabe no seu bolso; dispon\u00edveis nas vers\u00f5es de 15 e 30 metros; tudo o que o usu\u00e1rio precisa com apenas um bot\u00e3o, onde consegue-se gravar a medida [&hellip;]","og_url":"https:\/\/hidroeletricacenter.com.br\/lojaonline\/produto\/medidor-a-laser-30m-tlm100-stht77410\/","og_site_name":"Hidroel\u00e9trica Center - Produtos el\u00e9tricos, EPIS, EPCS, ferramentas, m\u00e1quinas, dentre outros","article_publisher":"https:\/\/www.facebook.com\/hidroeletricacenter","article_modified_time":"2022-05-04T12:56:40+00:00","og_image":[{"width":1000,"height":1000,"url":"https:\/\/hidroeletricacenter.com.br\/lojaonline\/wp-content\/uploads\/2021\/09\/TLM100-1.jpg","type":"image\/jpeg"}],"twitter_card":"summary_large_image","twitter_misc":{"Est. tempo de leitura":"1 minuto"},"schema":{"@context":"https:\/\/schema.org","@graph":[{"@type":"WebPage","@id":"https:\/\/hidroeletricacenter.com.br\/lojaonline\/produto\/medidor-a-laser-30m-tlm100-stht77410\/","url":"https:\/\/hidroeletricacenter.com.br\/lojaonline\/produto\/medidor-a-laser-30m-tlm100-stht77410\/","name":"Medidor a Laser 30m (TLM100) STHT77410 Stanley - Hidroel\u00e9trica Center - Produtos el\u00e9tricos, EPIS, EPCS, ferramentas, m\u00e1quinas, dentre outros","isPartOf":{"@id":"https:\/\/hidroeletricacenter.com.br\/lojaonline\/#website"},"datePublished":"2022-05-02T20:18:26+00:00","dateModified":"2022-05-04T12:56:40+00:00","breadcrumb":{"@id":"https:\/\/hidroeletricacenter.com.br\/lojaonline\/produto\/medidor-a-laser-30m-tlm100-stht77410\/#breadcrumb"},"inLanguage":"pt-BR","potentialAction":[{"@type":"ReadAction","target":["https:\/\/hidroeletricacenter.com.br\/lojaonline\/produto\/medidor-a-laser-30m-tlm100-stht77410\/"]}]},{"@type":"BreadcrumbList","@id":"https:\/\/hidroeletricacenter.com.br\/lojaonline\/produto\/medidor-a-laser-30m-tlm100-stht77410\/#breadcrumb","itemListElement":[{"@type":"ListItem","position":1,"name":"In\u00edcio","item":"https:\/\/hidroeletricacenter.com.br\/lojaonline\/"},{"@type":"ListItem","position":2,"name":"Produtos","item":"https:\/\/hidroeletricacenter.com.br\/lojaonline\/shop\/"},{"@type":"ListItem","position":3,"name":"Medidor a Laser 30m (TLM100) STHT77410 Stanley"}]},{"@type":"WebSite","@id":"https:\/\/hidroeletricacenter.com.br\/lojaonline\/#website","url":"https:\/\/hidroeletricacenter.com.br\/lojaonline\/","name":"Hidroel\u00e9trica Center - Produtos el\u00e9tricos, EPIS, EPCS, ferramentas, m\u00e1quinas, dentre outros","description":"","publisher":{"@id":"https:\/\/hidroeletricacenter.com.br\/lojaonline\/#organization"},"potentialAction":[{"@type":"SearchAction","target":{"@type":"EntryPoint","urlTemplate":"https:\/\/hidroeletricacenter.com.br\/lojaonline\/?s={search_term_string}"},"query-input":"required name=search_term_string"}],"inLanguage":"pt-BR"},{"@type":"Organization","@id":"https:\/\/hidroeletricacenter.com.br\/lojaonline\/#organization","name":"Hidroel\u00e9trica Center - Produtos el\u00e9tricos, EPIS, EPCS, ferramentas, m\u00e1quinas, dentre outros","url":"https:\/\/hidroeletricacenter.com.br\/lojaonline\/","logo":{"@type":"ImageObject","inLanguage":"pt-BR","@id":"https:\/\/hidroeletricacenter.com.br\/lojaonline\/#\/schema\/logo\/image\/","url":"https:\/\/hidroeletricacenter.com.br\/lojaonline\/wp-content\/uploads\/2022\/01\/cropped-ico-hc.png","contentUrl":"https:\/\/hidroeletricacenter.com.br\/lojaonline\/wp-content\/uploads\/2022\/01\/cropped-ico-hc.png","width":512,"height":512,"caption":"Hidroel\u00e9trica Center - Produtos el\u00e9tricos, EPIS, EPCS, ferramentas, m\u00e1quinas, dentre outros"},"image":{"@id":"https:\/\/hidroeletricacenter.com.br\/lojaonline\/#\/schema\/logo\/image\/"},"sameAs":["https:\/\/www.facebook.com\/hidroeletricacenter","https:\/\/www.instagram.com\/hidroeletricacenter"]}]}},"_links":{"self":[{"href":"https:\/\/hidroeletricacenter.com.br\/lojaonline\/wp-json\/wp\/v2\/product\/572","targetHints":{"allow":["GET"]}}],"collection":[{"href":"https:\/\/hidroeletricacenter.com.br\/lojaonline\/wp-json\/wp\/v2\/product"}],"about":[{"href":"https:\/\/hidroeletricacenter.com.br\/lojaonline\/wp-json\/wp\/v2\/types\/product"}],"version-history":[{"count":4,"href":"https:\/\/hidroeletricacenter.com.br\/lojaonline\/wp-json\/wp\/v2\/product\/572\/revisions"}],"predecessor-version":[{"id":2455,"href":"https:\/\/hidroeletricacenter.com.br\/lojaonline\/wp-json\/wp\/v2\/product\/572\/revisions\/2455"}],"wp:featuredmedia":[{"embeddable":true,"href":"https:\/\/hidroeletricacenter.com.br\/lojaonline\/wp-json\/wp\/v2\/media\/573"}],"wp:attachment":[{"href":"https:\/\/hidroeletricacenter.com.br\/lojaonline\/wp-json\/wp\/v2\/media?parent=572"}],"wp:term":[{"taxonomy":"product_cat","embeddable":true,"href":"https:\/\/hidroeletricacenter.com.br\/lojaonline\/wp-json\/wp\/v2\/product_cat?post=572"},{"taxonomy":"product_tag","embeddable":true,"href":"https:\/\/hidroeletricacenter.com.br\/lojaonline\/wp-json\/wp\/v2\/product_tag?post=572"}],"curies":[{"name":"wp","href":"https:\/\/api.w.org\/{rel}","templated":true}]}}