{"id":496,"date":"2022-05-02T15:40:46","date_gmt":"2022-05-02T18:40:46","guid":{"rendered":"https:\/\/hidroeletricacenter.com.br\/lojaonline\/?post_type=product&#038;p=496"},"modified":"2022-05-05T14:05:55","modified_gmt":"2022-05-05T17:05:55","slug":"furadeira-imp-1-2-13mm-600w-sdh600-b2-220v-4943","status":"publish","type":"product","link":"https:\/\/hidroeletricacenter.com.br\/lojaonline\/produto\/furadeira-imp-1-2-13mm-600w-sdh600-b2-220v-4943\/","title":{"rendered":"Furadeira de Impacto 1\/2&#8221;-13mm 600W (SDH600-B2) 220V 4943"},"content":{"rendered":"<p>Ideal para perfurar metais, madeira e alvenaria com o aux\u00edlio de acess\u00f3rios, como brocas.<\/p>\n<p class=\"sbd-stepTitle\" style=\"text-align: left\"><strong>Recursos e Benef\u00edcios\u00a0<\/strong><\/p>\n<div id=\"collapse1\" class=\"collapse in\" aria-labelledby=\"heading1\" data-parent=\"#accordion\">\n<div class=\"card-body\">\n<div class=\"sbd-featuresBenefits\">\n<ul>\n<li>Furadeira de Impacto<\/li>\n<li>Pot\u00eancia de 600W<\/li>\n<li>Mandril 1\/2&amp;quot<\/li>\n<li>(13mm)<\/li>\n<li>Rota\u00e7\u00f5es por minuto: 0 &#8211; 2.900<\/li>\n<li>Impactos por minuto: 0 &#8211; 49.300 IPM<\/li>\n<li>Velocidade Vari\u00e1vel e Revers\u00edvel<\/li>\n<li>Gatilho eletr\u00f4nico de dois dedos com trava para uso cont\u00ednuo<\/li>\n<li>Desenho compacto e ergon\u00f4mico<\/li>\n<li>Engrenagens de alta qualidade<\/li>\n<li>An\u00e9is de Carv\u00e3o para facilitar a durabilidade da ferramenta<\/li>\n<li>Porta Chave mandril no cabo el\u00e9trico<\/li>\n<li>Acompanha empunhadura lateral com limitador de profundidade, chave do mandril e manual<\/li>\n<\/ul>\n<\/div>\n<\/div>\n<\/div>\n","protected":false},"excerpt":{"rendered":"<p>Ideal para perfurar metais, madeira e alvenaria com o aux\u00edlio de acess\u00f3rios, como brocas. Recursos e Benef\u00edcios\u00a0 Furadeira de Impacto Pot\u00eancia de 600W Mandril 1\/2&amp;quot (13mm) Rota\u00e7\u00f5es por minuto: 0 &#8211; 2.900 Impactos por minuto: 0 &#8211; 49.300 IPM Velocidade Vari\u00e1vel e Revers\u00edvel Gatilho eletr\u00f4nico de dois dedos com trava para uso cont\u00ednuo Desenho compacto [&hellip;]<\/p>\n","protected":false},"featured_media":497,"template":"","meta":[],"product_cat":[],"product_tag":[],"class_list":["post-496","product","type-product","status-publish","has-post-thumbnail","hentry"],"yoast_head":"<!-- This site is optimized with the Yoast SEO plugin v21.0 - https:\/\/yoast.com\/wordpress\/plugins\/seo\/ -->\n<title>Furadeira de Impacto 1\/2&#039;&#039;-13mm 600W (SDH600-B2) 220V 4943 - Hidroel\u00e9trica Center - Produtos el\u00e9tricos, EPIS, EPCS, ferramentas, m\u00e1quinas, dentre outros<\/title>\n<meta name=\"robots\" content=\"index, follow, max-snippet:-1, max-image-preview:large, max-video-preview:-1\" \/>\n<link rel=\"canonical\" href=\"https:\/\/hidroeletricacenter.com.br\/lojaonline\/produto\/furadeira-imp-1-2-13mm-600w-sdh600-b2-220v-4943\/\" \/>\n<meta property=\"og:locale\" content=\"pt_BR\" \/>\n<meta property=\"og:type\" content=\"article\" \/>\n<meta property=\"og:title\" content=\"Furadeira de Impacto 1\/2&#039;&#039;-13mm 600W (SDH600-B2) 220V 4943 - Hidroel\u00e9trica Center - Produtos el\u00e9tricos, EPIS, EPCS, ferramentas, m\u00e1quinas, dentre outros\" \/>\n<meta property=\"og:description\" content=\"Ideal para perfurar metais, madeira e alvenaria com o aux\u00edlio de acess\u00f3rios, como brocas. Recursos e Benef\u00edcios\u00a0 Furadeira de Impacto Pot\u00eancia de 600W Mandril 1\/2&amp;quot (13mm) Rota\u00e7\u00f5es por minuto: 0 &#8211; 2.900 Impactos por minuto: 0 &#8211; 49.300 IPM Velocidade Vari\u00e1vel e Revers\u00edvel Gatilho eletr\u00f4nico de dois dedos com trava para uso cont\u00ednuo Desenho compacto [&hellip;]\" \/>\n<meta property=\"og:url\" content=\"https:\/\/hidroeletricacenter.com.br\/lojaonline\/produto\/furadeira-imp-1-2-13mm-600w-sdh600-b2-220v-4943\/\" \/>\n<meta property=\"og:site_name\" content=\"Hidroel\u00e9trica Center - Produtos el\u00e9tricos, EPIS, EPCS, ferramentas, m\u00e1quinas, dentre outros\" \/>\n<meta property=\"article:publisher\" content=\"https:\/\/www.facebook.com\/hidroeletricacenter\" \/>\n<meta property=\"article:modified_time\" content=\"2022-05-05T17:05:55+00:00\" \/>\n<meta property=\"og:image\" content=\"https:\/\/hidroeletricacenter.com.br\/lojaonline\/wp-content\/uploads\/2021\/09\/SDH600-B2-1.jpg\" \/>\n\t<meta property=\"og:image:width\" content=\"1200\" \/>\n\t<meta property=\"og:image:height\" content=\"986\" \/>\n\t<meta property=\"og:image:type\" content=\"image\/jpeg\" \/>\n<meta name=\"twitter:card\" content=\"summary_large_image\" \/>\n<script type=\"application\/ld+json\" class=\"yoast-schema-graph\">{\"@context\":\"https:\/\/schema.org\",\"@graph\":[{\"@type\":\"WebPage\",\"@id\":\"https:\/\/hidroeletricacenter.com.br\/lojaonline\/produto\/furadeira-imp-1-2-13mm-600w-sdh600-b2-220v-4943\/\",\"url\":\"https:\/\/hidroeletricacenter.com.br\/lojaonline\/produto\/furadeira-imp-1-2-13mm-600w-sdh600-b2-220v-4943\/\",\"name\":\"Furadeira de Impacto 1\/2''-13mm 600W (SDH600-B2) 220V 4943 - Hidroel\u00e9trica Center - Produtos el\u00e9tricos, EPIS, EPCS, ferramentas, m\u00e1quinas, dentre outros\",\"isPartOf\":{\"@id\":\"https:\/\/hidroeletricacenter.com.br\/lojaonline\/#website\"},\"datePublished\":\"2022-05-02T18:40:46+00:00\",\"dateModified\":\"2022-05-05T17:05:55+00:00\",\"breadcrumb\":{\"@id\":\"https:\/\/hidroeletricacenter.com.br\/lojaonline\/produto\/furadeira-imp-1-2-13mm-600w-sdh600-b2-220v-4943\/#breadcrumb\"},\"inLanguage\":\"pt-BR\",\"potentialAction\":[{\"@type\":\"ReadAction\",\"target\":[\"https:\/\/hidroeletricacenter.com.br\/lojaonline\/produto\/furadeira-imp-1-2-13mm-600w-sdh600-b2-220v-4943\/\"]}]},{\"@type\":\"BreadcrumbList\",\"@id\":\"https:\/\/hidroeletricacenter.com.br\/lojaonline\/produto\/furadeira-imp-1-2-13mm-600w-sdh600-b2-220v-4943\/#breadcrumb\",\"itemListElement\":[{\"@type\":\"ListItem\",\"position\":1,\"name\":\"In\u00edcio\",\"item\":\"https:\/\/hidroeletricacenter.com.br\/lojaonline\/\"},{\"@type\":\"ListItem\",\"position\":2,\"name\":\"Produtos\",\"item\":\"https:\/\/hidroeletricacenter.com.br\/lojaonline\/shop\/\"},{\"@type\":\"ListItem\",\"position\":3,\"name\":\"Furadeira de Impacto 1\/2&#8221;-13mm 600W (SDH600-B2) 220V 4943\"}]},{\"@type\":\"WebSite\",\"@id\":\"https:\/\/hidroeletricacenter.com.br\/lojaonline\/#website\",\"url\":\"https:\/\/hidroeletricacenter.com.br\/lojaonline\/\",\"name\":\"Hidroel\u00e9trica Center - Produtos el\u00e9tricos, EPIS, EPCS, ferramentas, m\u00e1quinas, dentre outros\",\"description\":\"\",\"publisher\":{\"@id\":\"https:\/\/hidroeletricacenter.com.br\/lojaonline\/#organization\"},\"potentialAction\":[{\"@type\":\"SearchAction\",\"target\":{\"@type\":\"EntryPoint\",\"urlTemplate\":\"https:\/\/hidroeletricacenter.com.br\/lojaonline\/?s={search_term_string}\"},\"query-input\":\"required name=search_term_string\"}],\"inLanguage\":\"pt-BR\"},{\"@type\":\"Organization\",\"@id\":\"https:\/\/hidroeletricacenter.com.br\/lojaonline\/#organization\",\"name\":\"Hidroel\u00e9trica Center - Produtos el\u00e9tricos, EPIS, EPCS, ferramentas, m\u00e1quinas, dentre outros\",\"url\":\"https:\/\/hidroeletricacenter.com.br\/lojaonline\/\",\"logo\":{\"@type\":\"ImageObject\",\"inLanguage\":\"pt-BR\",\"@id\":\"https:\/\/hidroeletricacenter.com.br\/lojaonline\/#\/schema\/logo\/image\/\",\"url\":\"https:\/\/hidroeletricacenter.com.br\/lojaonline\/wp-content\/uploads\/2022\/01\/cropped-ico-hc.png\",\"contentUrl\":\"https:\/\/hidroeletricacenter.com.br\/lojaonline\/wp-content\/uploads\/2022\/01\/cropped-ico-hc.png\",\"width\":512,\"height\":512,\"caption\":\"Hidroel\u00e9trica Center - Produtos el\u00e9tricos, EPIS, EPCS, ferramentas, m\u00e1quinas, dentre outros\"},\"image\":{\"@id\":\"https:\/\/hidroeletricacenter.com.br\/lojaonline\/#\/schema\/logo\/image\/\"},\"sameAs\":[\"https:\/\/www.facebook.com\/hidroeletricacenter\",\"https:\/\/www.instagram.com\/hidroeletricacenter\"]}]}<\/script>\n<!-- \/ Yoast SEO plugin. -->","yoast_head_json":{"title":"Furadeira de Impacto 1\/2''-13mm 600W (SDH600-B2) 220V 4943 - Hidroel\u00e9trica Center - Produtos el\u00e9tricos, EPIS, EPCS, ferramentas, m\u00e1quinas, dentre outros","robots":{"index":"index","follow":"follow","max-snippet":"max-snippet:-1","max-image-preview":"max-image-preview:large","max-video-preview":"max-video-preview:-1"},"canonical":"https:\/\/hidroeletricacenter.com.br\/lojaonline\/produto\/furadeira-imp-1-2-13mm-600w-sdh600-b2-220v-4943\/","og_locale":"pt_BR","og_type":"article","og_title":"Furadeira de Impacto 1\/2''-13mm 600W (SDH600-B2) 220V 4943 - Hidroel\u00e9trica Center - Produtos el\u00e9tricos, EPIS, EPCS, ferramentas, m\u00e1quinas, dentre outros","og_description":"Ideal para perfurar metais, madeira e alvenaria com o aux\u00edlio de acess\u00f3rios, como brocas. Recursos e Benef\u00edcios\u00a0 Furadeira de Impacto Pot\u00eancia de 600W Mandril 1\/2&amp;quot (13mm) Rota\u00e7\u00f5es por minuto: 0 &#8211; 2.900 Impactos por minuto: 0 &#8211; 49.300 IPM Velocidade Vari\u00e1vel e Revers\u00edvel Gatilho eletr\u00f4nico de dois dedos com trava para uso cont\u00ednuo Desenho compacto [&hellip;]","og_url":"https:\/\/hidroeletricacenter.com.br\/lojaonline\/produto\/furadeira-imp-1-2-13mm-600w-sdh600-b2-220v-4943\/","og_site_name":"Hidroel\u00e9trica Center - Produtos el\u00e9tricos, EPIS, EPCS, ferramentas, m\u00e1quinas, dentre outros","article_publisher":"https:\/\/www.facebook.com\/hidroeletricacenter","article_modified_time":"2022-05-05T17:05:55+00:00","og_image":[{"width":1200,"height":986,"url":"https:\/\/hidroeletricacenter.com.br\/lojaonline\/wp-content\/uploads\/2021\/09\/SDH600-B2-1.jpg","type":"image\/jpeg"}],"twitter_card":"summary_large_image","schema":{"@context":"https:\/\/schema.org","@graph":[{"@type":"WebPage","@id":"https:\/\/hidroeletricacenter.com.br\/lojaonline\/produto\/furadeira-imp-1-2-13mm-600w-sdh600-b2-220v-4943\/","url":"https:\/\/hidroeletricacenter.com.br\/lojaonline\/produto\/furadeira-imp-1-2-13mm-600w-sdh600-b2-220v-4943\/","name":"Furadeira de Impacto 1\/2''-13mm 600W (SDH600-B2) 220V 4943 - Hidroel\u00e9trica Center - Produtos el\u00e9tricos, EPIS, EPCS, ferramentas, m\u00e1quinas, dentre outros","isPartOf":{"@id":"https:\/\/hidroeletricacenter.com.br\/lojaonline\/#website"},"datePublished":"2022-05-02T18:40:46+00:00","dateModified":"2022-05-05T17:05:55+00:00","breadcrumb":{"@id":"https:\/\/hidroeletricacenter.com.br\/lojaonline\/produto\/furadeira-imp-1-2-13mm-600w-sdh600-b2-220v-4943\/#breadcrumb"},"inLanguage":"pt-BR","potentialAction":[{"@type":"ReadAction","target":["https:\/\/hidroeletricacenter.com.br\/lojaonline\/produto\/furadeira-imp-1-2-13mm-600w-sdh600-b2-220v-4943\/"]}]},{"@type":"BreadcrumbList","@id":"https:\/\/hidroeletricacenter.com.br\/lojaonline\/produto\/furadeira-imp-1-2-13mm-600w-sdh600-b2-220v-4943\/#breadcrumb","itemListElement":[{"@type":"ListItem","position":1,"name":"In\u00edcio","item":"https:\/\/hidroeletricacenter.com.br\/lojaonline\/"},{"@type":"ListItem","position":2,"name":"Produtos","item":"https:\/\/hidroeletricacenter.com.br\/lojaonline\/shop\/"},{"@type":"ListItem","position":3,"name":"Furadeira de Impacto 1\/2&#8221;-13mm 600W (SDH600-B2) 220V 4943"}]},{"@type":"WebSite","@id":"https:\/\/hidroeletricacenter.com.br\/lojaonline\/#website","url":"https:\/\/hidroeletricacenter.com.br\/lojaonline\/","name":"Hidroel\u00e9trica Center - Produtos el\u00e9tricos, EPIS, EPCS, ferramentas, m\u00e1quinas, dentre outros","description":"","publisher":{"@id":"https:\/\/hidroeletricacenter.com.br\/lojaonline\/#organization"},"potentialAction":[{"@type":"SearchAction","target":{"@type":"EntryPoint","urlTemplate":"https:\/\/hidroeletricacenter.com.br\/lojaonline\/?s={search_term_string}"},"query-input":"required name=search_term_string"}],"inLanguage":"pt-BR"},{"@type":"Organization","@id":"https:\/\/hidroeletricacenter.com.br\/lojaonline\/#organization","name":"Hidroel\u00e9trica Center - Produtos el\u00e9tricos, EPIS, EPCS, ferramentas, m\u00e1quinas, dentre outros","url":"https:\/\/hidroeletricacenter.com.br\/lojaonline\/","logo":{"@type":"ImageObject","inLanguage":"pt-BR","@id":"https:\/\/hidroeletricacenter.com.br\/lojaonline\/#\/schema\/logo\/image\/","url":"https:\/\/hidroeletricacenter.com.br\/lojaonline\/wp-content\/uploads\/2022\/01\/cropped-ico-hc.png","contentUrl":"https:\/\/hidroeletricacenter.com.br\/lojaonline\/wp-content\/uploads\/2022\/01\/cropped-ico-hc.png","width":512,"height":512,"caption":"Hidroel\u00e9trica Center - Produtos el\u00e9tricos, EPIS, EPCS, ferramentas, m\u00e1quinas, dentre outros"},"image":{"@id":"https:\/\/hidroeletricacenter.com.br\/lojaonline\/#\/schema\/logo\/image\/"},"sameAs":["https:\/\/www.facebook.com\/hidroeletricacenter","https:\/\/www.instagram.com\/hidroeletricacenter"]}]}},"_links":{"self":[{"href":"https:\/\/hidroeletricacenter.com.br\/lojaonline\/wp-json\/wp\/v2\/product\/496","targetHints":{"allow":["GET"]}}],"collection":[{"href":"https:\/\/hidroeletricacenter.com.br\/lojaonline\/wp-json\/wp\/v2\/product"}],"about":[{"href":"https:\/\/hidroeletricacenter.com.br\/lojaonline\/wp-json\/wp\/v2\/types\/product"}],"version-history":[{"count":3,"href":"https:\/\/hidroeletricacenter.com.br\/lojaonline\/wp-json\/wp\/v2\/product\/496\/revisions"}],"predecessor-version":[{"id":2493,"href":"https:\/\/hidroeletricacenter.com.br\/lojaonline\/wp-json\/wp\/v2\/product\/496\/revisions\/2493"}],"wp:featuredmedia":[{"embeddable":true,"href":"https:\/\/hidroeletricacenter.com.br\/lojaonline\/wp-json\/wp\/v2\/media\/497"}],"wp:attachment":[{"href":"https:\/\/hidroeletricacenter.com.br\/lojaonline\/wp-json\/wp\/v2\/media?parent=496"}],"wp:term":[{"taxonomy":"product_cat","embeddable":true,"href":"https:\/\/hidroeletricacenter.com.br\/lojaonline\/wp-json\/wp\/v2\/product_cat?post=496"},{"taxonomy":"product_tag","embeddable":true,"href":"https:\/\/hidroeletricacenter.com.br\/lojaonline\/wp-json\/wp\/v2\/product_tag?post=496"}],"curies":[{"name":"wp","href":"https:\/\/api.w.org\/{rel}","templated":true}]}}