{"id":342,"date":"2021-11-04T15:44:34","date_gmt":"2021-11-04T18:44:34","guid":{"rendered":"https:\/\/hidroeletricacenter.com.br\/lojaonline\/?post_type=product&#038;p=342"},"modified":"2022-10-11T15:33:01","modified_gmt":"2022-10-11T18:33:01","slug":"luva-nitrilica-com-forro-algodao-hylite-47-402-ca42761-ansell","status":"publish","type":"product","link":"https:\/\/hidroeletricacenter.com.br\/lojaonline\/produto\/luva-nitrilica-com-forro-algodao-hylite-47-402-ca42761-ansell\/","title":{"rendered":"Luva nitr\u00edlica com forro algod\u00e3o Hylite 47-402 CA42761 ANSELL"},"content":{"rendered":"<p><span style=\"color: #ff0000\"><strong>Uma alternativa vers\u00e1til para as luvas de algod\u00e3o, couro leve e PVC.<\/strong><\/span><\/p>\n<ul>\n<li>As luvas Hylite combinam o conforto de uma luva<br \/>\nde algod\u00e3o ou de couro leve com a extraordin\u00e1ria<br \/>\nresist\u00eancia \u00e0 abras\u00e3o e repel\u00eancia a \u00f3leo de uma<br \/>\nluva revestido de nitrilo<\/li>\n<li>Uma melhor alternativa ao algod\u00e3o, couro e PVC<\/li>\n<li>As luvas Hylite duram mais do que as de algod\u00e3o<br \/>\nnuma propor\u00e7\u00e3o de at\u00e9 12 para 1, mais do que as de<br \/>\ncouro leve numa propor\u00e7\u00e3o de 5 a 1 e mais do que<br \/>\nas revestidas de PVC numa propor\u00e7\u00e3o de 3 a 1<\/li>\n<li>Ideais para uma variedade de trabalhos de leves a<br \/>\nmeio pesados<\/li>\n<\/ul>\n<p><strong>Ind\u00fastrias<\/strong><br \/>\nAutomotiva<br \/>\nM\u00e1quinas e equipamentos<br \/>\nFabrica\u00e7\u00e3o de metal<br \/>\nQu\u00edmica<\/p>\n<p><strong>Aplica\u00e7\u00f5es<\/strong><br \/>\nManuseio de pain\u00e9is e chapas de metal<br \/>\nMontagem de chassis e acabamento<br \/>\nMontagem final<br \/>\nInspe\u00e7\u00e3o (sele\u00e7\u00e3o, verifica\u00e7\u00e3o e marca\u00e7\u00e3o)<br \/>\nCorte de pain\u00e9is, chapas e vidros<br \/>\nFabrica\u00e7\u00e3o de pe\u00e7as de metal e chapas de vidro<br \/>\nMontagem e inspe\u00e7\u00e3o de componentes<br \/>\nArmazenamento de mat\u00e9rias-primas<br \/>\nCarga e descarga de caminh\u00f5es e ve\u00edculos<br \/>\nManuseio de mercadorias recebidas<\/p>\n","protected":false},"excerpt":{"rendered":"<p>Uma alternativa vers\u00e1til para as luvas de algod\u00e3o, couro leve e PVC. As luvas Hylite combinam o conforto de uma luva de algod\u00e3o ou de couro leve com a extraordin\u00e1ria resist\u00eancia \u00e0 abras\u00e3o e repel\u00eancia a \u00f3leo de uma luva revestido de nitrilo Uma melhor alternativa ao algod\u00e3o, couro e PVC As luvas Hylite duram [&hellip;]<\/p>\n","protected":false},"featured_media":343,"template":"","meta":[],"product_cat":[450,16,51],"product_tag":[],"class_list":["post-342","product","type-product","status-publish","has-post-thumbnail","hentry","product_cat-ansell","product_cat-epi","product_cat-luvas"],"yoast_head":"<!-- This site is optimized with the Yoast SEO plugin v21.0 - https:\/\/yoast.com\/wordpress\/plugins\/seo\/ -->\n<title>Luva nitr\u00edlica com forro algod\u00e3o Hylite 47-402 CA42761 ANSELL - Hidroel\u00e9trica Center - Produtos el\u00e9tricos, EPIS, EPCS, ferramentas, m\u00e1quinas, dentre outros<\/title>\n<meta name=\"robots\" content=\"index, follow, max-snippet:-1, max-image-preview:large, max-video-preview:-1\" \/>\n<link rel=\"canonical\" href=\"https:\/\/hidroeletricacenter.com.br\/lojaonline\/produto\/luva-nitrilica-com-forro-algodao-hylite-47-402-ca42761-ansell\/\" \/>\n<meta property=\"og:locale\" content=\"pt_BR\" \/>\n<meta property=\"og:type\" content=\"article\" \/>\n<meta property=\"og:title\" content=\"Luva nitr\u00edlica com forro algod\u00e3o Hylite 47-402 CA42761 ANSELL - Hidroel\u00e9trica Center - Produtos el\u00e9tricos, EPIS, EPCS, ferramentas, m\u00e1quinas, dentre outros\" \/>\n<meta property=\"og:description\" content=\"Uma alternativa vers\u00e1til para as luvas de algod\u00e3o, couro leve e PVC. As luvas Hylite combinam o conforto de uma luva de algod\u00e3o ou de couro leve com a extraordin\u00e1ria resist\u00eancia \u00e0 abras\u00e3o e repel\u00eancia a \u00f3leo de uma luva revestido de nitrilo Uma melhor alternativa ao algod\u00e3o, couro e PVC As luvas Hylite duram [&hellip;]\" \/>\n<meta property=\"og:url\" content=\"https:\/\/hidroeletricacenter.com.br\/lojaonline\/produto\/luva-nitrilica-com-forro-algodao-hylite-47-402-ca42761-ansell\/\" \/>\n<meta property=\"og:site_name\" content=\"Hidroel\u00e9trica Center - Produtos el\u00e9tricos, EPIS, EPCS, ferramentas, m\u00e1quinas, dentre outros\" \/>\n<meta property=\"article:publisher\" content=\"https:\/\/www.facebook.com\/hidroeletricacenter\" \/>\n<meta property=\"article:modified_time\" content=\"2022-10-11T18:33:01+00:00\" \/>\n<meta property=\"og:image\" content=\"https:\/\/hidroeletricacenter.com.br\/lojaonline\/wp-content\/uploads\/2021\/09\/47-402-1.png\" \/>\n\t<meta property=\"og:image:width\" content=\"467\" \/>\n\t<meta property=\"og:image:height\" content=\"350\" \/>\n\t<meta property=\"og:image:type\" content=\"image\/png\" \/>\n<meta name=\"twitter:card\" content=\"summary_large_image\" \/>\n<meta name=\"twitter:label1\" content=\"Est. tempo de leitura\" \/>\n\t<meta name=\"twitter:data1\" content=\"1 minuto\" \/>\n<script type=\"application\/ld+json\" class=\"yoast-schema-graph\">{\"@context\":\"https:\/\/schema.org\",\"@graph\":[{\"@type\":\"WebPage\",\"@id\":\"https:\/\/hidroeletricacenter.com.br\/lojaonline\/produto\/luva-nitrilica-com-forro-algodao-hylite-47-402-ca42761-ansell\/\",\"url\":\"https:\/\/hidroeletricacenter.com.br\/lojaonline\/produto\/luva-nitrilica-com-forro-algodao-hylite-47-402-ca42761-ansell\/\",\"name\":\"Luva nitr\u00edlica com forro algod\u00e3o Hylite 47-402 CA42761 ANSELL - Hidroel\u00e9trica Center - Produtos el\u00e9tricos, EPIS, EPCS, ferramentas, m\u00e1quinas, dentre outros\",\"isPartOf\":{\"@id\":\"https:\/\/hidroeletricacenter.com.br\/lojaonline\/#website\"},\"datePublished\":\"2021-11-04T18:44:34+00:00\",\"dateModified\":\"2022-10-11T18:33:01+00:00\",\"breadcrumb\":{\"@id\":\"https:\/\/hidroeletricacenter.com.br\/lojaonline\/produto\/luva-nitrilica-com-forro-algodao-hylite-47-402-ca42761-ansell\/#breadcrumb\"},\"inLanguage\":\"pt-BR\",\"potentialAction\":[{\"@type\":\"ReadAction\",\"target\":[\"https:\/\/hidroeletricacenter.com.br\/lojaonline\/produto\/luva-nitrilica-com-forro-algodao-hylite-47-402-ca42761-ansell\/\"]}]},{\"@type\":\"BreadcrumbList\",\"@id\":\"https:\/\/hidroeletricacenter.com.br\/lojaonline\/produto\/luva-nitrilica-com-forro-algodao-hylite-47-402-ca42761-ansell\/#breadcrumb\",\"itemListElement\":[{\"@type\":\"ListItem\",\"position\":1,\"name\":\"In\u00edcio\",\"item\":\"https:\/\/hidroeletricacenter.com.br\/lojaonline\/\"},{\"@type\":\"ListItem\",\"position\":2,\"name\":\"Produtos\",\"item\":\"https:\/\/hidroeletricacenter.com.br\/lojaonline\/shop\/\"},{\"@type\":\"ListItem\",\"position\":3,\"name\":\"Luva nitr\u00edlica com forro algod\u00e3o Hylite 47-402 CA42761 ANSELL\"}]},{\"@type\":\"WebSite\",\"@id\":\"https:\/\/hidroeletricacenter.com.br\/lojaonline\/#website\",\"url\":\"https:\/\/hidroeletricacenter.com.br\/lojaonline\/\",\"name\":\"Hidroel\u00e9trica Center - Produtos el\u00e9tricos, EPIS, EPCS, ferramentas, m\u00e1quinas, dentre outros\",\"description\":\"\",\"publisher\":{\"@id\":\"https:\/\/hidroeletricacenter.com.br\/lojaonline\/#organization\"},\"potentialAction\":[{\"@type\":\"SearchAction\",\"target\":{\"@type\":\"EntryPoint\",\"urlTemplate\":\"https:\/\/hidroeletricacenter.com.br\/lojaonline\/?s={search_term_string}\"},\"query-input\":\"required name=search_term_string\"}],\"inLanguage\":\"pt-BR\"},{\"@type\":\"Organization\",\"@id\":\"https:\/\/hidroeletricacenter.com.br\/lojaonline\/#organization\",\"name\":\"Hidroel\u00e9trica Center - Produtos el\u00e9tricos, EPIS, EPCS, ferramentas, m\u00e1quinas, dentre outros\",\"url\":\"https:\/\/hidroeletricacenter.com.br\/lojaonline\/\",\"logo\":{\"@type\":\"ImageObject\",\"inLanguage\":\"pt-BR\",\"@id\":\"https:\/\/hidroeletricacenter.com.br\/lojaonline\/#\/schema\/logo\/image\/\",\"url\":\"https:\/\/hidroeletricacenter.com.br\/lojaonline\/wp-content\/uploads\/2022\/01\/cropped-ico-hc.png\",\"contentUrl\":\"https:\/\/hidroeletricacenter.com.br\/lojaonline\/wp-content\/uploads\/2022\/01\/cropped-ico-hc.png\",\"width\":512,\"height\":512,\"caption\":\"Hidroel\u00e9trica Center - Produtos el\u00e9tricos, EPIS, EPCS, ferramentas, m\u00e1quinas, dentre outros\"},\"image\":{\"@id\":\"https:\/\/hidroeletricacenter.com.br\/lojaonline\/#\/schema\/logo\/image\/\"},\"sameAs\":[\"https:\/\/www.facebook.com\/hidroeletricacenter\",\"https:\/\/www.instagram.com\/hidroeletricacenter\"]}]}<\/script>\n<!-- \/ Yoast SEO plugin. -->","yoast_head_json":{"title":"Luva nitr\u00edlica com forro algod\u00e3o Hylite 47-402 CA42761 ANSELL - Hidroel\u00e9trica Center - Produtos el\u00e9tricos, EPIS, EPCS, ferramentas, m\u00e1quinas, dentre outros","robots":{"index":"index","follow":"follow","max-snippet":"max-snippet:-1","max-image-preview":"max-image-preview:large","max-video-preview":"max-video-preview:-1"},"canonical":"https:\/\/hidroeletricacenter.com.br\/lojaonline\/produto\/luva-nitrilica-com-forro-algodao-hylite-47-402-ca42761-ansell\/","og_locale":"pt_BR","og_type":"article","og_title":"Luva nitr\u00edlica com forro algod\u00e3o Hylite 47-402 CA42761 ANSELL - Hidroel\u00e9trica Center - Produtos el\u00e9tricos, EPIS, EPCS, ferramentas, m\u00e1quinas, dentre outros","og_description":"Uma alternativa vers\u00e1til para as luvas de algod\u00e3o, couro leve e PVC. As luvas Hylite combinam o conforto de uma luva de algod\u00e3o ou de couro leve com a extraordin\u00e1ria resist\u00eancia \u00e0 abras\u00e3o e repel\u00eancia a \u00f3leo de uma luva revestido de nitrilo Uma melhor alternativa ao algod\u00e3o, couro e PVC As luvas Hylite duram [&hellip;]","og_url":"https:\/\/hidroeletricacenter.com.br\/lojaonline\/produto\/luva-nitrilica-com-forro-algodao-hylite-47-402-ca42761-ansell\/","og_site_name":"Hidroel\u00e9trica Center - Produtos el\u00e9tricos, EPIS, EPCS, ferramentas, m\u00e1quinas, dentre outros","article_publisher":"https:\/\/www.facebook.com\/hidroeletricacenter","article_modified_time":"2022-10-11T18:33:01+00:00","og_image":[{"width":467,"height":350,"url":"https:\/\/hidroeletricacenter.com.br\/lojaonline\/wp-content\/uploads\/2021\/09\/47-402-1.png","type":"image\/png"}],"twitter_card":"summary_large_image","twitter_misc":{"Est. tempo de leitura":"1 minuto"},"schema":{"@context":"https:\/\/schema.org","@graph":[{"@type":"WebPage","@id":"https:\/\/hidroeletricacenter.com.br\/lojaonline\/produto\/luva-nitrilica-com-forro-algodao-hylite-47-402-ca42761-ansell\/","url":"https:\/\/hidroeletricacenter.com.br\/lojaonline\/produto\/luva-nitrilica-com-forro-algodao-hylite-47-402-ca42761-ansell\/","name":"Luva nitr\u00edlica com forro algod\u00e3o Hylite 47-402 CA42761 ANSELL - Hidroel\u00e9trica Center - Produtos el\u00e9tricos, EPIS, EPCS, ferramentas, m\u00e1quinas, dentre outros","isPartOf":{"@id":"https:\/\/hidroeletricacenter.com.br\/lojaonline\/#website"},"datePublished":"2021-11-04T18:44:34+00:00","dateModified":"2022-10-11T18:33:01+00:00","breadcrumb":{"@id":"https:\/\/hidroeletricacenter.com.br\/lojaonline\/produto\/luva-nitrilica-com-forro-algodao-hylite-47-402-ca42761-ansell\/#breadcrumb"},"inLanguage":"pt-BR","potentialAction":[{"@type":"ReadAction","target":["https:\/\/hidroeletricacenter.com.br\/lojaonline\/produto\/luva-nitrilica-com-forro-algodao-hylite-47-402-ca42761-ansell\/"]}]},{"@type":"BreadcrumbList","@id":"https:\/\/hidroeletricacenter.com.br\/lojaonline\/produto\/luva-nitrilica-com-forro-algodao-hylite-47-402-ca42761-ansell\/#breadcrumb","itemListElement":[{"@type":"ListItem","position":1,"name":"In\u00edcio","item":"https:\/\/hidroeletricacenter.com.br\/lojaonline\/"},{"@type":"ListItem","position":2,"name":"Produtos","item":"https:\/\/hidroeletricacenter.com.br\/lojaonline\/shop\/"},{"@type":"ListItem","position":3,"name":"Luva nitr\u00edlica com forro algod\u00e3o Hylite 47-402 CA42761 ANSELL"}]},{"@type":"WebSite","@id":"https:\/\/hidroeletricacenter.com.br\/lojaonline\/#website","url":"https:\/\/hidroeletricacenter.com.br\/lojaonline\/","name":"Hidroel\u00e9trica Center - Produtos el\u00e9tricos, EPIS, EPCS, ferramentas, m\u00e1quinas, dentre outros","description":"","publisher":{"@id":"https:\/\/hidroeletricacenter.com.br\/lojaonline\/#organization"},"potentialAction":[{"@type":"SearchAction","target":{"@type":"EntryPoint","urlTemplate":"https:\/\/hidroeletricacenter.com.br\/lojaonline\/?s={search_term_string}"},"query-input":"required name=search_term_string"}],"inLanguage":"pt-BR"},{"@type":"Organization","@id":"https:\/\/hidroeletricacenter.com.br\/lojaonline\/#organization","name":"Hidroel\u00e9trica Center - Produtos el\u00e9tricos, EPIS, EPCS, ferramentas, m\u00e1quinas, dentre outros","url":"https:\/\/hidroeletricacenter.com.br\/lojaonline\/","logo":{"@type":"ImageObject","inLanguage":"pt-BR","@id":"https:\/\/hidroeletricacenter.com.br\/lojaonline\/#\/schema\/logo\/image\/","url":"https:\/\/hidroeletricacenter.com.br\/lojaonline\/wp-content\/uploads\/2022\/01\/cropped-ico-hc.png","contentUrl":"https:\/\/hidroeletricacenter.com.br\/lojaonline\/wp-content\/uploads\/2022\/01\/cropped-ico-hc.png","width":512,"height":512,"caption":"Hidroel\u00e9trica Center - Produtos el\u00e9tricos, EPIS, EPCS, ferramentas, m\u00e1quinas, dentre outros"},"image":{"@id":"https:\/\/hidroeletricacenter.com.br\/lojaonline\/#\/schema\/logo\/image\/"},"sameAs":["https:\/\/www.facebook.com\/hidroeletricacenter","https:\/\/www.instagram.com\/hidroeletricacenter"]}]}},"_links":{"self":[{"href":"https:\/\/hidroeletricacenter.com.br\/lojaonline\/wp-json\/wp\/v2\/product\/342","targetHints":{"allow":["GET"]}}],"collection":[{"href":"https:\/\/hidroeletricacenter.com.br\/lojaonline\/wp-json\/wp\/v2\/product"}],"about":[{"href":"https:\/\/hidroeletricacenter.com.br\/lojaonline\/wp-json\/wp\/v2\/types\/product"}],"version-history":[{"count":2,"href":"https:\/\/hidroeletricacenter.com.br\/lojaonline\/wp-json\/wp\/v2\/product\/342\/revisions"}],"predecessor-version":[{"id":2112,"href":"https:\/\/hidroeletricacenter.com.br\/lojaonline\/wp-json\/wp\/v2\/product\/342\/revisions\/2112"}],"wp:featuredmedia":[{"embeddable":true,"href":"https:\/\/hidroeletricacenter.com.br\/lojaonline\/wp-json\/wp\/v2\/media\/343"}],"wp:attachment":[{"href":"https:\/\/hidroeletricacenter.com.br\/lojaonline\/wp-json\/wp\/v2\/media?parent=342"}],"wp:term":[{"taxonomy":"product_cat","embeddable":true,"href":"https:\/\/hidroeletricacenter.com.br\/lojaonline\/wp-json\/wp\/v2\/product_cat?post=342"},{"taxonomy":"product_tag","embeddable":true,"href":"https:\/\/hidroeletricacenter.com.br\/lojaonline\/wp-json\/wp\/v2\/product_tag?post=342"}],"curies":[{"name":"wp","href":"https:\/\/api.w.org\/{rel}","templated":true}]}}