{"id":2467,"date":"2022-05-04T11:45:16","date_gmt":"2022-05-04T14:45:16","guid":{"rendered":"https:\/\/hidroeletricacenter.com.br\/lojaonline\/?post_type=product&#038;p=2467"},"modified":"2022-10-11T15:36:09","modified_gmt":"2022-10-11T18:36:09","slug":"lixadeira-excentrica-5-gex-125-1-2500w-220v-bosch","status":"publish","type":"product","link":"https:\/\/hidroeletricacenter.com.br\/lojaonline\/produto\/lixadeira-excentrica-5-gex-125-1-2500w-220v-bosch\/","title":{"rendered":"Lixadeira Exc\u00eantrica 5&#8221; GEX 125-1 2500W 220V Bosch"},"content":{"rendered":"<ul class=\"product-detail-stage__list a-list\">\n<li>A Lixadeira Exc\u00eantrica Bosch GEX 125-1 AE possui formato ergon\u00f4mico que facilita o uso em qualquer aplica\u00e7\u00e3o, al\u00e9m de ter controle eletr\u00f4nico de velocidade, microfiltro que mant\u00e9m o ambiente limpo e fixa\u00e7\u00e3o r\u00e1pida e f\u00e1cil da lixa. Recomendada para uso industrial. Trabalho intenso.<\/li>\n<li>Inovadora empunhadeira com formato ergon\u00f4mico e Soft Grip: trabalho f\u00e1cil e de menor fadiga ao operador e Sistema microfiltro Bosch recolhe at\u00e9 90% do p\u00f3 gerado, para manter o ambiente mais limpo. Controle eletr\u00f4nico de velocidade: a rota\u00e7\u00e3o ideal nos mais diversos materiais e aplica\u00e7\u00f5es. Sistema de fixa\u00e7\u00e3o autoaderente microplast: fixa\u00e7\u00e3o r\u00e1pida e f\u00e1cil da lixa.<\/li>\n<\/ul>\n","protected":false},"excerpt":{"rendered":"<p>A Lixadeira Exc\u00eantrica Bosch GEX 125-1 AE possui formato ergon\u00f4mico que facilita o uso em qualquer aplica\u00e7\u00e3o, al\u00e9m de ter controle eletr\u00f4nico de velocidade, microfiltro que mant\u00e9m o ambiente limpo e fixa\u00e7\u00e3o r\u00e1pida e f\u00e1cil da lixa. Recomendada para uso industrial. Trabalho intenso. Inovadora empunhadeira com formato ergon\u00f4mico e Soft Grip: trabalho f\u00e1cil e de [&hellip;]<\/p>\n","protected":false},"featured_media":2468,"template":"","meta":[],"product_cat":[451,21,123],"product_tag":[],"class_list":["post-2467","product","type-product","status-publish","has-post-thumbnail","hentry","product_cat-bosch","product_cat-ferramentas","product_cat-ferramentas-eletricas"],"yoast_head":"<!-- This site is optimized with the Yoast SEO plugin v21.0 - https:\/\/yoast.com\/wordpress\/plugins\/seo\/ -->\n<title>Lixadeira Exc\u00eantrica 5&#039;&#039; GEX 125-1 2500W 220V Bosch - Hidroel\u00e9trica Center - Produtos el\u00e9tricos, EPIS, EPCS, ferramentas, m\u00e1quinas, dentre outros<\/title>\n<meta name=\"robots\" content=\"index, follow, max-snippet:-1, max-image-preview:large, max-video-preview:-1\" \/>\n<link rel=\"canonical\" href=\"https:\/\/hidroeletricacenter.com.br\/lojaonline\/produto\/lixadeira-excentrica-5-gex-125-1-2500w-220v-bosch\/\" \/>\n<meta property=\"og:locale\" content=\"pt_BR\" \/>\n<meta property=\"og:type\" content=\"article\" \/>\n<meta property=\"og:title\" content=\"Lixadeira Exc\u00eantrica 5&#039;&#039; GEX 125-1 2500W 220V Bosch - Hidroel\u00e9trica Center - Produtos el\u00e9tricos, EPIS, EPCS, ferramentas, m\u00e1quinas, dentre outros\" \/>\n<meta property=\"og:description\" content=\"A Lixadeira Exc\u00eantrica Bosch GEX 125-1 AE possui formato ergon\u00f4mico que facilita o uso em qualquer aplica\u00e7\u00e3o, al\u00e9m de ter controle eletr\u00f4nico de velocidade, microfiltro que mant\u00e9m o ambiente limpo e fixa\u00e7\u00e3o r\u00e1pida e f\u00e1cil da lixa. Recomendada para uso industrial. Trabalho intenso. Inovadora empunhadeira com formato ergon\u00f4mico e Soft Grip: trabalho f\u00e1cil e de [&hellip;]\" \/>\n<meta property=\"og:url\" content=\"https:\/\/hidroeletricacenter.com.br\/lojaonline\/produto\/lixadeira-excentrica-5-gex-125-1-2500w-220v-bosch\/\" \/>\n<meta property=\"og:site_name\" content=\"Hidroel\u00e9trica Center - Produtos el\u00e9tricos, EPIS, EPCS, ferramentas, m\u00e1quinas, dentre outros\" \/>\n<meta property=\"article:publisher\" content=\"https:\/\/www.facebook.com\/hidroeletricacenter\" \/>\n<meta property=\"article:modified_time\" content=\"2022-10-11T18:36:09+00:00\" \/>\n<meta property=\"og:image\" content=\"https:\/\/hidroeletricacenter.com.br\/lojaonline\/wp-content\/uploads\/2022\/05\/lixadeira-excentrica-gex-125-1-ae-06013875d0.webp\" \/>\n\t<meta property=\"og:image:width\" content=\"660\" \/>\n\t<meta property=\"og:image:height\" content=\"600\" \/>\n\t<meta property=\"og:image:type\" content=\"image\/webp\" \/>\n<meta name=\"twitter:card\" content=\"summary_large_image\" \/>\n<meta name=\"twitter:label1\" content=\"Est. tempo de leitura\" \/>\n\t<meta name=\"twitter:data1\" content=\"1 minuto\" \/>\n<script type=\"application\/ld+json\" class=\"yoast-schema-graph\">{\"@context\":\"https:\/\/schema.org\",\"@graph\":[{\"@type\":\"WebPage\",\"@id\":\"https:\/\/hidroeletricacenter.com.br\/lojaonline\/produto\/lixadeira-excentrica-5-gex-125-1-2500w-220v-bosch\/\",\"url\":\"https:\/\/hidroeletricacenter.com.br\/lojaonline\/produto\/lixadeira-excentrica-5-gex-125-1-2500w-220v-bosch\/\",\"name\":\"Lixadeira Exc\u00eantrica 5'' GEX 125-1 2500W 220V Bosch - Hidroel\u00e9trica Center - Produtos el\u00e9tricos, EPIS, EPCS, ferramentas, m\u00e1quinas, dentre outros\",\"isPartOf\":{\"@id\":\"https:\/\/hidroeletricacenter.com.br\/lojaonline\/#website\"},\"datePublished\":\"2022-05-04T14:45:16+00:00\",\"dateModified\":\"2022-10-11T18:36:09+00:00\",\"breadcrumb\":{\"@id\":\"https:\/\/hidroeletricacenter.com.br\/lojaonline\/produto\/lixadeira-excentrica-5-gex-125-1-2500w-220v-bosch\/#breadcrumb\"},\"inLanguage\":\"pt-BR\",\"potentialAction\":[{\"@type\":\"ReadAction\",\"target\":[\"https:\/\/hidroeletricacenter.com.br\/lojaonline\/produto\/lixadeira-excentrica-5-gex-125-1-2500w-220v-bosch\/\"]}]},{\"@type\":\"BreadcrumbList\",\"@id\":\"https:\/\/hidroeletricacenter.com.br\/lojaonline\/produto\/lixadeira-excentrica-5-gex-125-1-2500w-220v-bosch\/#breadcrumb\",\"itemListElement\":[{\"@type\":\"ListItem\",\"position\":1,\"name\":\"In\u00edcio\",\"item\":\"https:\/\/hidroeletricacenter.com.br\/lojaonline\/\"},{\"@type\":\"ListItem\",\"position\":2,\"name\":\"Produtos\",\"item\":\"https:\/\/hidroeletricacenter.com.br\/lojaonline\/shop\/\"},{\"@type\":\"ListItem\",\"position\":3,\"name\":\"Lixadeira Exc\u00eantrica 5&#8221; GEX 125-1 2500W 220V Bosch\"}]},{\"@type\":\"WebSite\",\"@id\":\"https:\/\/hidroeletricacenter.com.br\/lojaonline\/#website\",\"url\":\"https:\/\/hidroeletricacenter.com.br\/lojaonline\/\",\"name\":\"Hidroel\u00e9trica Center - Produtos el\u00e9tricos, EPIS, EPCS, ferramentas, m\u00e1quinas, dentre outros\",\"description\":\"\",\"publisher\":{\"@id\":\"https:\/\/hidroeletricacenter.com.br\/lojaonline\/#organization\"},\"potentialAction\":[{\"@type\":\"SearchAction\",\"target\":{\"@type\":\"EntryPoint\",\"urlTemplate\":\"https:\/\/hidroeletricacenter.com.br\/lojaonline\/?s={search_term_string}\"},\"query-input\":\"required name=search_term_string\"}],\"inLanguage\":\"pt-BR\"},{\"@type\":\"Organization\",\"@id\":\"https:\/\/hidroeletricacenter.com.br\/lojaonline\/#organization\",\"name\":\"Hidroel\u00e9trica Center - Produtos el\u00e9tricos, EPIS, EPCS, ferramentas, m\u00e1quinas, dentre outros\",\"url\":\"https:\/\/hidroeletricacenter.com.br\/lojaonline\/\",\"logo\":{\"@type\":\"ImageObject\",\"inLanguage\":\"pt-BR\",\"@id\":\"https:\/\/hidroeletricacenter.com.br\/lojaonline\/#\/schema\/logo\/image\/\",\"url\":\"https:\/\/hidroeletricacenter.com.br\/lojaonline\/wp-content\/uploads\/2022\/01\/cropped-ico-hc.png\",\"contentUrl\":\"https:\/\/hidroeletricacenter.com.br\/lojaonline\/wp-content\/uploads\/2022\/01\/cropped-ico-hc.png\",\"width\":512,\"height\":512,\"caption\":\"Hidroel\u00e9trica Center - Produtos el\u00e9tricos, EPIS, EPCS, ferramentas, m\u00e1quinas, dentre outros\"},\"image\":{\"@id\":\"https:\/\/hidroeletricacenter.com.br\/lojaonline\/#\/schema\/logo\/image\/\"},\"sameAs\":[\"https:\/\/www.facebook.com\/hidroeletricacenter\",\"https:\/\/www.instagram.com\/hidroeletricacenter\"]}]}<\/script>\n<!-- \/ Yoast SEO plugin. -->","yoast_head_json":{"title":"Lixadeira Exc\u00eantrica 5'' GEX 125-1 2500W 220V Bosch - Hidroel\u00e9trica Center - Produtos el\u00e9tricos, EPIS, EPCS, ferramentas, m\u00e1quinas, dentre outros","robots":{"index":"index","follow":"follow","max-snippet":"max-snippet:-1","max-image-preview":"max-image-preview:large","max-video-preview":"max-video-preview:-1"},"canonical":"https:\/\/hidroeletricacenter.com.br\/lojaonline\/produto\/lixadeira-excentrica-5-gex-125-1-2500w-220v-bosch\/","og_locale":"pt_BR","og_type":"article","og_title":"Lixadeira Exc\u00eantrica 5'' GEX 125-1 2500W 220V Bosch - Hidroel\u00e9trica Center - Produtos el\u00e9tricos, EPIS, EPCS, ferramentas, m\u00e1quinas, dentre outros","og_description":"A Lixadeira Exc\u00eantrica Bosch GEX 125-1 AE possui formato ergon\u00f4mico que facilita o uso em qualquer aplica\u00e7\u00e3o, al\u00e9m de ter controle eletr\u00f4nico de velocidade, microfiltro que mant\u00e9m o ambiente limpo e fixa\u00e7\u00e3o r\u00e1pida e f\u00e1cil da lixa. Recomendada para uso industrial. Trabalho intenso. Inovadora empunhadeira com formato ergon\u00f4mico e Soft Grip: trabalho f\u00e1cil e de [&hellip;]","og_url":"https:\/\/hidroeletricacenter.com.br\/lojaonline\/produto\/lixadeira-excentrica-5-gex-125-1-2500w-220v-bosch\/","og_site_name":"Hidroel\u00e9trica Center - Produtos el\u00e9tricos, EPIS, EPCS, ferramentas, m\u00e1quinas, dentre outros","article_publisher":"https:\/\/www.facebook.com\/hidroeletricacenter","article_modified_time":"2022-10-11T18:36:09+00:00","og_image":[{"width":660,"height":600,"url":"https:\/\/hidroeletricacenter.com.br\/lojaonline\/wp-content\/uploads\/2022\/05\/lixadeira-excentrica-gex-125-1-ae-06013875d0.webp","type":"image\/webp"}],"twitter_card":"summary_large_image","twitter_misc":{"Est. tempo de leitura":"1 minuto"},"schema":{"@context":"https:\/\/schema.org","@graph":[{"@type":"WebPage","@id":"https:\/\/hidroeletricacenter.com.br\/lojaonline\/produto\/lixadeira-excentrica-5-gex-125-1-2500w-220v-bosch\/","url":"https:\/\/hidroeletricacenter.com.br\/lojaonline\/produto\/lixadeira-excentrica-5-gex-125-1-2500w-220v-bosch\/","name":"Lixadeira Exc\u00eantrica 5'' GEX 125-1 2500W 220V Bosch - Hidroel\u00e9trica Center - Produtos el\u00e9tricos, EPIS, EPCS, ferramentas, m\u00e1quinas, dentre outros","isPartOf":{"@id":"https:\/\/hidroeletricacenter.com.br\/lojaonline\/#website"},"datePublished":"2022-05-04T14:45:16+00:00","dateModified":"2022-10-11T18:36:09+00:00","breadcrumb":{"@id":"https:\/\/hidroeletricacenter.com.br\/lojaonline\/produto\/lixadeira-excentrica-5-gex-125-1-2500w-220v-bosch\/#breadcrumb"},"inLanguage":"pt-BR","potentialAction":[{"@type":"ReadAction","target":["https:\/\/hidroeletricacenter.com.br\/lojaonline\/produto\/lixadeira-excentrica-5-gex-125-1-2500w-220v-bosch\/"]}]},{"@type":"BreadcrumbList","@id":"https:\/\/hidroeletricacenter.com.br\/lojaonline\/produto\/lixadeira-excentrica-5-gex-125-1-2500w-220v-bosch\/#breadcrumb","itemListElement":[{"@type":"ListItem","position":1,"name":"In\u00edcio","item":"https:\/\/hidroeletricacenter.com.br\/lojaonline\/"},{"@type":"ListItem","position":2,"name":"Produtos","item":"https:\/\/hidroeletricacenter.com.br\/lojaonline\/shop\/"},{"@type":"ListItem","position":3,"name":"Lixadeira Exc\u00eantrica 5&#8221; GEX 125-1 2500W 220V Bosch"}]},{"@type":"WebSite","@id":"https:\/\/hidroeletricacenter.com.br\/lojaonline\/#website","url":"https:\/\/hidroeletricacenter.com.br\/lojaonline\/","name":"Hidroel\u00e9trica Center - Produtos el\u00e9tricos, EPIS, EPCS, ferramentas, m\u00e1quinas, dentre outros","description":"","publisher":{"@id":"https:\/\/hidroeletricacenter.com.br\/lojaonline\/#organization"},"potentialAction":[{"@type":"SearchAction","target":{"@type":"EntryPoint","urlTemplate":"https:\/\/hidroeletricacenter.com.br\/lojaonline\/?s={search_term_string}"},"query-input":"required name=search_term_string"}],"inLanguage":"pt-BR"},{"@type":"Organization","@id":"https:\/\/hidroeletricacenter.com.br\/lojaonline\/#organization","name":"Hidroel\u00e9trica Center - Produtos el\u00e9tricos, EPIS, EPCS, ferramentas, m\u00e1quinas, dentre outros","url":"https:\/\/hidroeletricacenter.com.br\/lojaonline\/","logo":{"@type":"ImageObject","inLanguage":"pt-BR","@id":"https:\/\/hidroeletricacenter.com.br\/lojaonline\/#\/schema\/logo\/image\/","url":"https:\/\/hidroeletricacenter.com.br\/lojaonline\/wp-content\/uploads\/2022\/01\/cropped-ico-hc.png","contentUrl":"https:\/\/hidroeletricacenter.com.br\/lojaonline\/wp-content\/uploads\/2022\/01\/cropped-ico-hc.png","width":512,"height":512,"caption":"Hidroel\u00e9trica Center - Produtos el\u00e9tricos, EPIS, EPCS, ferramentas, m\u00e1quinas, dentre outros"},"image":{"@id":"https:\/\/hidroeletricacenter.com.br\/lojaonline\/#\/schema\/logo\/image\/"},"sameAs":["https:\/\/www.facebook.com\/hidroeletricacenter","https:\/\/www.instagram.com\/hidroeletricacenter"]}]}},"_links":{"self":[{"href":"https:\/\/hidroeletricacenter.com.br\/lojaonline\/wp-json\/wp\/v2\/product\/2467","targetHints":{"allow":["GET"]}}],"collection":[{"href":"https:\/\/hidroeletricacenter.com.br\/lojaonline\/wp-json\/wp\/v2\/product"}],"about":[{"href":"https:\/\/hidroeletricacenter.com.br\/lojaonline\/wp-json\/wp\/v2\/types\/product"}],"version-history":[{"count":1,"href":"https:\/\/hidroeletricacenter.com.br\/lojaonline\/wp-json\/wp\/v2\/product\/2467\/revisions"}],"predecessor-version":[{"id":2473,"href":"https:\/\/hidroeletricacenter.com.br\/lojaonline\/wp-json\/wp\/v2\/product\/2467\/revisions\/2473"}],"wp:featuredmedia":[{"embeddable":true,"href":"https:\/\/hidroeletricacenter.com.br\/lojaonline\/wp-json\/wp\/v2\/media\/2468"}],"wp:attachment":[{"href":"https:\/\/hidroeletricacenter.com.br\/lojaonline\/wp-json\/wp\/v2\/media?parent=2467"}],"wp:term":[{"taxonomy":"product_cat","embeddable":true,"href":"https:\/\/hidroeletricacenter.com.br\/lojaonline\/wp-json\/wp\/v2\/product_cat?post=2467"},{"taxonomy":"product_tag","embeddable":true,"href":"https:\/\/hidroeletricacenter.com.br\/lojaonline\/wp-json\/wp\/v2\/product_tag?post=2467"}],"curies":[{"name":"wp","href":"https:\/\/api.w.org\/{rel}","templated":true}]}}